{"id":48,"date":"2015-01-29T17:04:21","date_gmt":"2015-01-29T16:04:21","guid":{"rendered":"http:\/\/pfeil-wirth.de\/?page_id=48"},"modified":"2024-10-19T14:55:13","modified_gmt":"2024-10-19T12:55:13","slug":"anfahrt-2","status":"publish","type":"page","link":"http:\/\/pfeil-wirth.de\/?page_id=48","title":{"rendered":"Anfahrt"},"content":{"rendered":"<p>Die <strong>Praxis f\u00fcr Psychotherapie Magdalena Pfeil-Wirth<\/strong> befindet sich\u00a0in der Paffrather Str. 25 im Zentrum von Bergisch Gladbach.<\/p>\n<p>Als Autofahrer k\u00f6nnen Sie in einem der \u00f6ffentlichen Parkh\u00e4user oder auf einem der \u00f6ffentlichen Parkpl\u00e4tze im Stadtzentrum von Bergisch Gladbach parken.<br \/>\nWenn Sie \u00f6ffentliche Verkehrsmittel nutzen, ist die n\u00e4chstgelegene Haltestelle f\u00fcr S-Bahn und Bus der Bahnhof im Stadtzentrum.<\/p>\n","protected":false},"excerpt":{"rendered":"<p>Die Praxis f\u00fcr Psychotherapie Magdalena Pfeil-Wirth befindet sich\u00a0in der Paffrather Str. 25 im Zentrum von Bergisch Gladbach. Als Autofahrer k\u00f6nnen Sie in einem der \u00f6ffentlichen Parkh\u00e4user oder auf einem der \u00f6ffentlichen Parkpl\u00e4tze im Stadtzentrum von Bergisch Gladbach parken. Wenn Sie \u00f6ffentliche Verkehrsmittel nutzen, ist die n\u00e4chstgelegene Haltestelle f\u00fcr S-Bahn und Bus der Bahnhof im Stadtzentrum.<\/p>\n","protected":false},"author":1,"featured_media":0,"parent":0,"menu_order":6,"comment_status":"closed","ping_status":"closed","template":"","meta":{"footnotes":""},"class_list":["post-48","page","type-page","status-publish","hentry"],"_links":{"self":[{"href":"http:\/\/pfeil-wirth.de\/index.php?rest_route=\/wp\/v2\/pages\/48","targetHints":{"allow":["GET"]}}],"collection":[{"href":"http:\/\/pfeil-wirth.de\/index.php?rest_route=\/wp\/v2\/pages"}],"about":[{"href":"http:\/\/pfeil-wirth.de\/index.php?rest_route=\/wp\/v2\/types\/page"}],"author":[{"embeddable":true,"href":"http:\/\/pfeil-wirth.de\/index.php?rest_route=\/wp\/v2\/users\/1"}],"replies":[{"embeddable":true,"href":"http:\/\/pfeil-wirth.de\/index.php?rest_route=%2Fwp%2Fv2%2Fcomments&post=48"}],"version-history":[{"count":6,"href":"http:\/\/pfeil-wirth.de\/index.php?rest_route=\/wp\/v2\/pages\/48\/revisions"}],"predecessor-version":[{"id":384,"href":"http:\/\/pfeil-wirth.de\/index.php?rest_route=\/wp\/v2\/pages\/48\/revisions\/384"}],"wp:attachment":[{"href":"http:\/\/pfeil-wirth.de\/index.php?rest_route=%2Fwp%2Fv2%2Fmedia&parent=48"}],"curies":[{"name":"wp","href":"https:\/\/api.w.org\/{rel}","templated":true}]}}